{"id":16,"date":"2019-03-25T12:22:02","date_gmt":"2019-03-25T12:22:02","guid":{"rendered":"http:\/\/192.168.1.166\/?page_id=16"},"modified":"2023-03-10T12:23:22","modified_gmt":"2023-03-10T10:23:22","slug":"last-2016","status":"publish","type":"page","link":"https:\/\/snowglitterbooks.com\/index.php\/last-2016\/","title":{"rendered":"L\u00e4st 2016"},"content":{"rendered":"\n<ol><li><a href=\"https:\/\/snowglitterbooks.com\/index.php\/2016\/01\/02\/2016_january_hungerspelen-suzanne-collins\/\" data-type=\"URL\" data-id=\"https:\/\/snowglitterbooks.com\/index.php\/2016\/01\/02\/2016_january_hungerspelen-suzanne-collins\/\">Hungerspelen &#8211; Suzanne Collins<\/a><\/li><li><a href=\"https:\/\/snowglitterbooks.com\/index.php\/2016\/01\/01\/2016_january_mysteriet-pa-hester-hill-kristina-ohlsson\/\">Mysteriet p\u00e5 Hester Hill &#8211; Kristina Ohlsson<\/a><\/li><li><a href=\"https:\/\/snowglitterbooks.com\/index.php\/2016\/01\/06\/2016_january_fatta-eld-suzanne-collins-2\/\" data-type=\"URL\" data-id=\"https:\/\/snowglitterbooks.com\/index.php\/2016\/01\/06\/2016_january_fatta-eld-suzanne-collins-2\/\">Fatta eld &#8211; Suzanne Collins <\/a><\/li><li><a href=\"https:\/\/snowglitterbooks.com\/index.php\/2016\/01\/07\/2016_january_haunt-couture-and-ghosts-galore-rose-pressey-2\/\" data-type=\"URL\" data-id=\"https:\/\/snowglitterbooks.com\/index.php\/2016\/01\/07\/2016_january_haunt-couture-and-ghosts-galore-rose-pressey-2\/\">Haunt Couture and Ghosts Galore &#8211; Rose Pressey<\/a><\/li><li><a href=\"https:\/\/snowglitterbooks.com\/index.php\/2016\/01\/16\/2016_january_agatha-christie-450-fran-paddington-2\/\" data-type=\"URL\" data-id=\"https:\/\/snowglitterbooks.com\/index.php\/2016\/01\/16\/2016_january_agatha-christie-450-fran-paddington-2\/\">4.50 fr\u00e5n Paddington &#8211; Agatha Christie<\/a><\/li><li><a href=\"https:\/\/snowglitterbooks.com\/index.php\/2016\/01\/17\/2016_january_en-san-som-du-gillian-flynn-2\/\" data-type=\"URL\" data-id=\"https:\/\/snowglitterbooks.com\/index.php\/2016\/01\/17\/2016_january_en-san-som-du-gillian-flynn-2\/\">En s\u00e5n som du &#8211; Gillian Flynn<\/a><\/li><li><a href=\"https:\/\/snowglitterbooks.com\/index.php\/2016\/01\/25\/2016_january_made-you-up-francesca-zappia\/\" data-type=\"URL\" data-id=\"https:\/\/snowglitterbooks.com\/index.php\/2016\/01\/25\/2016_january_made-you-up-francesca-zappia\/\">Made you up &#8211; Francesca Zappia<\/a><\/li><li><a href=\"https:\/\/snowglitterbooks.com\/index.php\/2016\/01\/29\/2016_january_revolt-suzanne-collins-2\/\" data-type=\"URL\" data-id=\"https:\/\/snowglitterbooks.com\/index.php\/2016\/01\/29\/2016_january_revolt-suzanne-collins-2\/\">Revolt &#8211; Suzanne Collins<\/a><\/li><li><a href=\"https:\/\/snowglitterbooks.com\/index.php\/2016\/01\/31\/2016_january_kjell-westo-lang\/\" data-type=\"URL\" data-id=\"https:\/\/snowglitterbooks.com\/index.php\/2016\/01\/31\/2016_january_kjell-westo-lang\/\">Lang &#8211; Kjell West\u00f6<\/a><\/li><li><a href=\"https:\/\/snowglitterbooks.com\/index.php\/2016\/02\/07\/2016_february_vem-som-helst-utom-ivy-pocket-caleb-krisp\/\" data-type=\"URL\" data-id=\"https:\/\/snowglitterbooks.com\/index.php\/2016\/02\/07\/2016_february_vem-som-helst-utom-ivy-pocket-caleb-krisp\/\">Vem som helst utom Ivy Pocket &#8211; Caleb Krisp<\/a><\/li><li>Liket i biblioteket &#8211; Agatha Christie<\/li><li>Nordiska v\u00e4sen &#8211; Johan Egerkrans<\/li><li><a href=\"https:\/\/snowglitterbooks.com\/index.php\/2016\/05\/01\/2016_may_hudhunger-katerina-janouch-2\/\" data-type=\"URL\" data-id=\"https:\/\/snowglitterbooks.com\/index.php\/2016\/05\/01\/2016_may_hudhunger-katerina-janouch-2\/\">Hudhunger &#8211; Katerina Janouch<\/a><\/li><li>Inte enklare \u00e4n s\u00e5 &#8211; Kajsa Ingemanrsson<\/li><li><a href=\"https:\/\/snowglitterbooks.com\/index.php\/2016\/05\/03\/2016_may_komma-fram-rainbow-rowell-2\/\" data-type=\"URL\" data-id=\"https:\/\/snowglitterbooks.com\/index.php\/2016\/05\/03\/2016_may_komma-fram-rainbow-rowell-2\/\">Komma fram &#8211; Rainbow Rowell<\/a><\/li><li><a href=\"https:\/\/snowglitterbooks.com\/index.php\/2016\/05\/19\/2016_may_rosensallskapet-marie-lu-2\/\" data-type=\"URL\" data-id=\"https:\/\/snowglitterbooks.com\/index.php\/2016\/05\/19\/2016_may_rosensallskapet-marie-lu-2\/\">Rosens\u00e4llskapet &#8211; Marie Lu<\/a><\/li><li><a href=\"https:\/\/snowglitterbooks.com\/index.php\/2016\/05\/29\/2016_may_nakenlek-katerina-janouch-2\/\" data-type=\"URL\" data-id=\"https:\/\/snowglitterbooks.com\/index.php\/2016\/05\/29\/2016_may_nakenlek-katerina-janouch-2\/\">Nakenlek &#8211; Katerina Janouch<\/a><\/li><li><a href=\"https:\/\/snowglitterbooks.com\/index.php\/2016\/06\/01\/2016_june_det-osynliga-barnet-tove-jansson\/\" data-type=\"URL\" data-id=\"https:\/\/snowglitterbooks.com\/index.php\/2016\/06\/01\/2016_june_det-osynliga-barnet-tove-jansson\/\">Det osynliga barnet &#8211; Tove Jansson<\/a><\/li><li><a href=\"https:\/\/snowglitterbooks.com\/index.php\/2016\/06\/26\/2016_june_det-ar-inte-jag-det-ar-du-mhairi-mcfarlane\/\" data-type=\"URL\" data-id=\"https:\/\/snowglitterbooks.com\/index.php\/2016\/06\/26\/2016_june_det-ar-inte-jag-det-ar-du-mhairi-mcfarlane\/\">Det \u00e4r inte jag det \u00e4r du &#8211; Mhairi McFarlane<\/a><\/li><li>The October Faction vol. 2 &#8211; Steve Niles<\/li><li>Fr\u00f6ken Livr\u00e4dd och k\u00e4rleken &#8211; Joanna Rubin Dranger<\/li><li><a href=\"https:\/\/snowglitterbooks.com\/index.php\/2016\/07\/01\/2016_july_nar-skruven-dras-at-henry-james\/\" data-type=\"URL\" data-id=\"https:\/\/snowglitterbooks.com\/index.php\/2016\/07\/01\/2016_july_nar-skruven-dras-at-henry-james\/\">N\u00e4r skruven dras \u00e5t &#8211; Henry James<\/a><\/li><li><a href=\"https:\/\/snowglitterbooks.com\/index.php\/2016\/07\/21\/2016_july_ett-ohyggligt-avslojande-louise-penny\/\" data-type=\"URL\" data-id=\"https:\/\/snowglitterbooks.com\/index.php\/2016\/07\/21\/2016_july_ett-ohyggligt-avslojande-louise-penny\/\">Ett ohyggligt avsl\u00f6jande &#8211; Lousie Penny<\/a><\/li><li><a href=\"https:\/\/snowglitterbooks.com\/index.php\/2016\/07\/08\/2016_july_de-forsvunna-caroline-eriksson\/\" data-type=\"URL\" data-id=\"https:\/\/snowglitterbooks.com\/index.php\/2016\/07\/08\/2016_july_de-forsvunna-caroline-eriksson\/\">De f\u00f6rsvunna &#8211; Caroline Eriksson<\/a><\/li><li><a href=\"https:\/\/snowglitterbooks.com\/index.php\/2016\/07\/19\/2016_july_cirkeln-sara-bergmark-elfgren-mats-strandberg\/\" data-type=\"URL\" data-id=\"https:\/\/snowglitterbooks.com\/index.php\/2016\/07\/19\/2016_july_cirkeln-sara-bergmark-elfgren-mats-strandberg\/\">Cirkeln &#8211; Mats Strandberg, Sara Bergmark Elfgren<\/a><\/li><li><a href=\"https:\/\/snowglitterbooks.com\/index.php\/2016\/07\/22\/2016_july_jag-ger-dig-solen-jandy-nelson\/\">Jag ger dig solen &#8211; Jandy Nelson<\/a><\/li><li><a href=\"https:\/\/snowglitterbooks.com\/index.php\/2016\/07\/23\/2016_july_pappa-pellerins-dotter-maria-gripe-2\/\" data-type=\"URL\" data-id=\"https:\/\/snowglitterbooks.com\/index.php\/2016\/07\/23\/2016_july_pappa-pellerins-dotter-maria-gripe-2\/\">Pappa Pellerines dotter &#8211; Maria Gripe<\/a><\/li><li><a href=\"https:\/\/snowglitterbooks.com\/index.php\/2016\/07\/29\/2016_july_glasblasarns-barn-maria-gripe-2\/\" data-type=\"URL\" data-id=\"https:\/\/snowglitterbooks.com\/index.php\/2016\/07\/29\/2016_july_glasblasarns-barn-maria-gripe-2\/\">Glasbl\u00e5sarns barn &#8211; Maria Gripe<\/a><\/li><li>Eld &#8211; Mats Strandberg, Sara Bergmark Elfgren<\/li><li><a href=\"https:\/\/snowglitterbooks.com\/index.php\/2016\/08\/22\/2016_august_keeping-you-a-secret-julie-anne-peters-2\/\" data-type=\"URL\" data-id=\"https:\/\/snowglitterbooks.com\/index.php\/2016\/08\/22\/2016_august_keeping-you-a-secret-julie-anne-peters-2\/\">Keeping You a Secret &#8211; Julie Anne Peters<\/a><\/li><li><a href=\"https:\/\/snowglitterbooks.com\/index.php\/2016\/08\/05\/2016_august_harry-potter-and-the-cursed-child\/\" data-type=\"URL\" data-id=\"https:\/\/snowglitterbooks.com\/index.php\/2016\/08\/05\/2016_august_harry-potter-and-the-cursed-child\/\">Harry Potter and The Cursed Child &#8211; J.K. Rowling<\/a><\/li><li><a href=\"https:\/\/snowglitterbooks.com\/index.php\/2016\/08\/23\/2016_august_himlen-borjar-har-jandy-nelson-2\/\" data-type=\"URL\" data-id=\"https:\/\/snowglitterbooks.com\/index.php\/2016\/08\/23\/2016_august_himlen-borjar-har-jandy-nelson-2\/\">Himlen b\u00f6rjar h\u00e4r &#8211; Jandy Nelson<\/a><\/li><li>Harry Potter and The Philosopher&#8217;s Stone &#8211; J.K. Rowling<\/li><li><a href=\"https:\/\/snowglitterbooks.com\/index.php\/2016\/09\/02\/2016_september_du-bara-anna-ahlund\/\" data-type=\"URL\" data-id=\"https:\/\/snowglitterbooks.com\/index.php\/2016\/09\/02\/2016_september_du-bara-anna-ahlund\/\">Du, bara &#8211; Anna Ahlund<\/a><\/li><li>Ber\u00e4ttelser fr\u00e5n Engelsfors &#8211; Mats Strandberg, Sara Bergmark Elfgren<\/li><li><a href=\"https:\/\/snowglitterbooks.com\/index.php\/2016\/09\/21\/2016_september_ett-veck-i-tiden-madeleine-lengle\/\" data-type=\"URL\" data-id=\"https:\/\/snowglitterbooks.com\/index.php\/2016\/09\/21\/2016_september_ett-veck-i-tiden-madeleine-lengle\/\">Ett veck i tiden &#8211; Madeleine L&#8217;Engle<\/a><\/li><li>Nemi vol. 4 &#8211; Lise Myhre<\/li><li>Nemi vol. 2 &#8211; Lise Myhre<\/li><li>Nemi vol. 10 &#8211; Lise Myhre<\/li><li>Nemi vol. 8 &#8211; Lise Myhre<\/li><li>Nemi vol. 7 &#8211; Lise Myhre<\/li><li>The Shadow Year &#8211; Hannah Richell<\/li><li><a href=\"https:\/\/snowglitterbooks.com\/index.php\/2016\/09\/23\/2016_september_svara-om-du-hor-mig-ninni-schulman-2\/\" data-type=\"URL\" data-id=\"https:\/\/snowglitterbooks.com\/index.php\/2016\/09\/23\/2016_september_svara-om-du-hor-mig-ninni-schulman-2\/\">Svara om du h\u00f6r mig &#8211; Ninni Schulman<\/a><\/li><li><a href=\"https:\/\/snowglitterbooks.com\/index.php\/2016\/10\/23\/2016_october_var-egen-lilla-hemlighet-ninni-schulman-2\/\" data-type=\"URL\" data-id=\"https:\/\/snowglitterbooks.com\/index.php\/2016\/10\/23\/2016_october_var-egen-lilla-hemlighet-ninni-schulman-2\/\">V\u00e5r egen lilla hemlighet &#8211; Ninni Schulman<\/a><\/li><li><a href=\"https:\/\/snowglitterbooks.com\/index.php\/2016\/10\/24\/2016_october_the-fire-child-sk-tremayne-2\/\" data-type=\"URL\" data-id=\"https:\/\/snowglitterbooks.com\/index.php\/2016\/10\/24\/2016_october_the-fire-child-sk-tremayne-2\/\">The Fire Child &#8211; S.K. Tremayne<\/a><\/li><li><a href=\"https:\/\/snowglitterbooks.com\/index.php\/2016\/10\/25\/2016_october_som-eld-sara-lovestam-2\/\" data-type=\"URL\" data-id=\"https:\/\/snowglitterbooks.com\/index.php\/2016\/10\/25\/2016_october_som-eld-sara-lovestam-2\/\">Som eld &#8211; Sara L\u00f6vestam<\/a><\/li><li><a href=\"https:\/\/snowglitterbooks.com\/index.php\/2016\/10\/26\/2016_october_livet-och-patriarkatet-peppe-ohman-2\/\" data-type=\"URL\" data-id=\"https:\/\/snowglitterbooks.com\/index.php\/2016\/10\/26\/2016_october_livet-och-patriarkatet-peppe-ohman-2\/\">Livet och patriarkatet &#8211; Peppe \u00d6hman<\/a><\/li><li><a href=\"https:\/\/snowglitterbooks.com\/index.php\/2016\/10\/30\/2016_october_kysstackt-katerina-janouch\/\" data-type=\"URL\" data-id=\"https:\/\/snowglitterbooks.com\/index.php\/2016\/10\/30\/2016_october_kysstackt-katerina-janouch\/\">Kysst\u00e4ckt &#8211; Katerina Janouch<\/a><\/li><li><a href=\"https:\/\/snowglitterbooks.com\/index.php\/2016\/11\/16\/2016_november_ringens-brodraskap-jrr-tolkien-2\/\" data-type=\"URL\" data-id=\"https:\/\/snowglitterbooks.com\/index.php\/2016\/11\/16\/2016_november_ringens-brodraskap-jrr-tolkien-2\/\">Ringens br\u00f6draskap &#8211; J.R.R. Tolkien<\/a><\/li><li>Stora boken om Nemi &#8211; Lise Myhre<\/li><li><a href=\"https:\/\/snowglitterbooks.com\/index.php\/2016\/12\/03\/2016_december_anna-lisas-antik-eli-ahman-owetz-2\/\" data-type=\"URL\" data-id=\"https:\/\/snowglitterbooks.com\/index.php\/2016\/12\/03\/2016_december_anna-lisas-antik-eli-ahman-owetz-2\/\">Anna-Lisas antik &#8211; Eli \u00c5hman Owetz<\/a><\/li><li><a href=\"https:\/\/snowglitterbooks.com\/index.php\/2015\/03\/23\/2015_march_fangirl-rainbow-rowell\/\" data-type=\"URL\" data-id=\"https:\/\/snowglitterbooks.com\/index.php\/2015\/03\/23\/2015_march_fangirl-rainbow-rowell\/\">Fangirl &#8211; Rainbow Rowell<\/a><\/li><\/ol>\n","protected":false},"excerpt":{"rendered":"<p>Hungerspelen &#8211; Suzanne Collins Mysteriet p\u00e5 Hester Hill &#8211; Kristina Ohlsson Fatta eld &#8211; Suzanne Collins Haunt Couture and Ghosts Galore &#8211; Rose Pressey 4.50 fr\u00e5n Paddington &#8211; Agatha Christie En s\u00e5n som du &#8211; Gillian Flynn Made you up &#8211; Francesca Zappia Revolt &#8211; Suzanne Collins Lang &#8211; Kjell West\u00f6 Vem som helst utom [&hellip;]<\/p>\n","protected":false},"author":1,"featured_media":0,"parent":0,"menu_order":0,"comment_status":"closed","ping_status":"closed","template":"","meta":{"footnotes":""},"_links":{"self":[{"href":"https:\/\/snowglitterbooks.com\/index.php\/wp-json\/wp\/v2\/pages\/16"}],"collection":[{"href":"https:\/\/snowglitterbooks.com\/index.php\/wp-json\/wp\/v2\/pages"}],"about":[{"href":"https:\/\/snowglitterbooks.com\/index.php\/wp-json\/wp\/v2\/types\/page"}],"author":[{"embeddable":true,"href":"https:\/\/snowglitterbooks.com\/index.php\/wp-json\/wp\/v2\/users\/1"}],"replies":[{"embeddable":true,"href":"https:\/\/snowglitterbooks.com\/index.php\/wp-json\/wp\/v2\/comments?post=16"}],"version-history":[{"count":8,"href":"https:\/\/snowglitterbooks.com\/index.php\/wp-json\/wp\/v2\/pages\/16\/revisions"}],"predecessor-version":[{"id":2147436508,"href":"https:\/\/snowglitterbooks.com\/index.php\/wp-json\/wp\/v2\/pages\/16\/revisions\/2147436508"}],"wp:attachment":[{"href":"https:\/\/snowglitterbooks.com\/index.php\/wp-json\/wp\/v2\/media?parent=16"}],"curies":[{"name":"wp","href":"https:\/\/api.w.org\/{rel}","templated":true}]}}